 -316 + f. Let r(c) = c**3 - c + 2. Give r(w).
8
Let x(s) = s + 0*s - s**3 + 4 - 6*s**2 - 4*s. Suppose -o + 5 = d, 0 = -652*d + 650*d - 5*o + 34. Calculate x(d).
-14
Let f(v) = -5*v**3 + 9*v**2 - 7*v + 18. Let k(z) = 6*z**3 - 9*z**2 + 6*z - 20. Let x(n) = 5*f(n) + 4*k(n). Let d be 21/12*12/3. Determine x(d).
31
Let r(s) = -s + 13. Suppose 6 + 4 = g. Let c be r(g). Let y(w) = 6*w**3 + 4 - 7*w**2 + 9*w + 4*w**3 - 2*w**3 - 9*w**c. What is y(-8)?
-4
Let q(v) = -v**3 + 15*v**2 + 19*v - 58. Suppose 46*o = 307 + 429. Determine q(o).
-10
Suppose 29*c = -0*c + 10*c - 266. Let t(n) = n**3 + 15*n**2 + 12*n - 20. Determine t(c).
8
Let p(k) be the first derivative of 1/2*k**2 + 1/3*k**3 + 54 + 15*k. Calculate p(0).
15
Let z(d) be the second derivative of -4*d**3/3 - 45*d**2 - 137*d - 7. Calculate z(-18).
54
Suppose 21 = 3*p - 0. Let q(n) be the first derivative of -n**3 - 7*n**2/2 + 2*n + 3. Let o(k) = 4*k**2 + 10*k - 3. Let y(i) = p*q(i) + 5*o(i). Calculate y(0).
-1
Let w(c) = -5*c - 1. Suppose 0*r - 2*r + 3*a + 19 = 0, -3*r - a + 12 = 0. Suppose -2*f - 15 = -r*f. Suppose -f*z + 12 = -8*z. Calculate w(z).
19
Let d = -331 - -340. Let u be 7 - d/18*0. Let s(c) = 2*c**3 - 15*c**2 + 7*c - 3. Give s(u).
-3
Let w(a) be the third derivative of 1/12*a**4 + 0 - 42*a**2 + 0*a - 1/3*a**3. Let k = 6 - 1. What is w(k)?
8
Let g(x) = -15*x**3 - x**2 - 3*x + 2. Let i(q) = 58*q**3 + 5*q**2 + 12*q - 8. Let c(a) = 23*g(a) + 6*i(a). Give c(-2).
-4
Let r(h) = 85*h - 59. Let f(o) = 17*o - 10. Let u(d) = -21*f(d) + 4*r(d). Give u(-8).
110
Let s(j) = -44 - 2*j + 14*j - 11*j + 17 + 24. Calculate s(-12).
-15
Let a(g) = g**2 - 17*g - 100. Let y(z) = -2*z**2 + 33*z + 195. Let u(k) = -5*a(k) - 3*y(k). Give u(19).
10
Suppose 18 = 2*t + 12. Suppose 5*p - 3*u = -7*u + 30, 0 = p + u - 6. Suppose 7 = t*z - p*z + 2*s, -36 = 4*z + 4*s. Let x(g) = g - 2. Calculate x(z).
-7
Let j be (21/(-5))/(33/(-110)). Let n(c) = 4 - c**2 - 3*c**3 - c - 7*c**3 + 2*c**2 - 6*c**3 + j*c**3. Give n(3).
-44
Let v(r) = -473171 - 2*r**2 + 3*r**2 + 473173. What is v(6)?
38
Let f(m) = -258 + 197392*m - 394829*m + 197387*m. Calculate f(-5).
-8
Suppose -9*d + 10*d - 3 = 2*p, 3*d - 5*p = 8. Suppose 508*w + d = 507*w. Let f(x) = 13*x + 1. Determine f(w).
-12
Let k be 0*(-1 - 15/20*-1). Suppose 72*d - 64*d - 64 = k. Let v(i) = -i**3 + 9*i**2 - 8*i + 10. Give v(d).
10
Let q(z) = -z - 14. Let j be q(-19). Suppose j*g - 63 = -28. Let a(t) = t**3 - 7*t**2 - 6. Determine a(g).
-6
Let u(v) = 2*v - 4. Let r(h) = h**3 + 18*h**2 + 16*h - 20. Let b be r(-17). Let s be (-3)/15 + b*(-12)/5. What is u(s)?
10
Let b(u) = u**2 - 8*u + 34. Let i be b(5). Suppose -43 = 2*w + i. Let h = w - -34. Let o(d) = -d**2 + 5*d - 2. Give o(h).
4
Let a(t) = -4*t**2 + 4*t + 3. Let m be a(-1). Let z(l) = 5*l**2 - 6. Let d(n) = n**2 + n - 1. Let b(u) = -6*d(u) + z(u). Determine b(m).
5
Let m(a) = -113*a - 231. Let n be m(-2). Let z(d) = -d**3 - 4*d**2 - 3*d - 41. Determine z(n).
-1
Let v be (-1 + 2)*4*-2. Let h(a) = 6*a + 51. Determine h(v).
3
Suppose 50*w + 339 = 39. Let o(x) = 4*x + 19. Calculate o(w).
-5
Let d(i) be the second derivative of -5*i**4/12 + i**3/6 + i**2/2 - 19*i + 5. Suppose 0 = 3*u + 3*h, -4*h = 3*u - 7*h - 12. What is d(u)?
-17
Let h(u) = 18*u + 7. Let t be h(6). Let o(s) = 235 - 113 + 2*s - t - 3*s. Calculate o(6).
1
Suppose 19*t + 16 - 225 = 0. Let k(u) = -t*u**2 + 10*u**2 + 5 + 7*u + 1. Give k(7).
6
Let c(j) = 12 + 1 + j**2 + 17*j + 2. Suppose -31*f + 41*f - 3568 = 233*f. Determine c(f).
-1
Let r be (-11)/((-484)/(-1064)) - 6/(-33). Let a = r - -26. Let f(k) = -15 + 15 + k + k**a. Determine f(-4).
12
Let r(j) = j**3 + 6*j**2 - 8*j - 10. Let z be (-8)/(-6)*3 + (-70 - -68). Suppose z*q + 17 = 3. What is r(q)?
-3
Suppose 10 = c - 0*y + 2*y, 2*y + 2 = 5*c. Suppose 0*x = -20*x + 80. Let b(l) = 237 + 231 - x*l - 471 + 2*l + 6*l. Calculate b(c).
5
Let n = -779 - -785. Let r(y) = y**2 - 8*y + 12. Determine r(n).
0
Let t(s) = 149 + 3440*s**2 - 143 - 3442*s**2 - 4*s**3. Determine t(2).
-34
Let a(s) = 3 - 1 + 5 + 319*s - 300*s - 4. Determine a(-1).
-16
Let j(h) = h**2 + 12*h + 13. Let k be 4/(-6)*(4 - (-75)/6). Determine j(k).
2
Suppose 5*o - 6 = 6*o - 2*s, -3*o - 3 = -3*s. Let l(v) = -o*v**2 + 8 + 2*v**2 + 3*v**2 + v - 2*v**2. Give l(0).
8
Suppose 5*l + 113 = 3*p, 108 = 117*l - 121*l - 2*p. Let z(m) = m**2 + 24*m - 14. Calculate z(l).
11
Let l be 6/(-51) + (-72)/(-34). Let z be (-5 + 4 + l)/((-2)/(-16)). Let u(f) = f**3 - 8*f**2 + 6. Calculate u(z).
6
Let m(o) = -6*o**3 - 6*o**2 - 4*o + 1. Let s(w) = -5*w**3 - 6*w**2 - 4*w + 1. Let q(h) = 4*m(h) - 5*s(h). Suppose 107*t + 777 + 458 = -140*t. Give q(t).
4
Let i(v) be the third derivative of -v**6/60 + v**4/8 - v**3/2 - 555*v**2. Determine i(2).
-13
Let g(t) = t**2 - 12*t + 29. Let f = 8463 + -8456. Give g(f).
-6
Suppose -b + 71 = 5*x, 5*b - 6*x + 156 = 108. Let g(s) = -2*s - 16. Let w = -3 - -6. Let l(j) = -j - 15. Let u(q) = w*l(q) - 2*g(q). Determine u(b).
-7
Let u(c) = -c**3 - 11*c**2 - 6. Let a = 1493 + -1504. Calculate u(a).
-6
Let f = 1 + 5. Let p(d) be the first derivative of -6*d + 3/2*d**2 + 272. Determine p(f).
12
Let y(x) be the second derivative of -x**6/720 + x**5/20 - x**4/12 - 4*x**3/3 - 211*x. Let c(p) be the third derivative of y(p). Determine c(-7).
13
Let t(z) be the first derivative of z**5/20 - z**4/4 + z**3/2 - 3*z**2/2 + 74*z - 36. Let o(m) be the first derivative of t(m). What is o(3)?
6
Let p(k) = 10 + 5*k**2 - 3*k**2 - 3*k**2. Let m = 245 + -241. Let r be 0/((-2)/(-4)*m). Give p(r).
10
Let h(n) = -n**2 + 7*n + 2. Let a(k) = k**3 + 393*k - 396*k + 0*k**3 - 5*k**2 - 11. Let g = 20 + -14. Let l be a(g). Determine h(l).
2
Let t(v) = -9*v**2 + 14 + 1324268*v + v**3 + 0*v**3 - 2*v**2 - 1324257*v. What is t(11)?
135
Let o(s) = 2*s**2 + 1. Let p be o(2). Let i(r) be the third derivative of 0*r + 5*r**2 - 9 - 1/24*r**4 + 8/3*r**3. Determine i(p).
7
Suppose 0 = a + 3*r + 8, -3*r = -68 + 83. Let v(f) = f**3 - 4*f**2 - 29*f + 47. Calculate v(a).
-9
Let v(r) = -5*r**2 - r + 1. Let k be 2/(-7) - (-13 + (-3)/((-231)/902)). Calculate v(k).
-5
Let i(k) = -9*k**2 - 3*k + 4. Let j(y) = -2*y**2 + 1. Let c = -65 - -61. Let o(u) = c*j(u) + i(u). Determine o(-3).
0
Let w(h) be the third derivative of -23*h**5/60 + 115*h**4/24 + h**3 - 1844*h**2. What is w(5)?
6
Let l(j) be the third derivative of -j**6/24 + j**5/30 + j**4/24 - 135*j**2. Suppose 5*v - 13 = -3. Suppose -g - 3 = v*y, g + 3*y + 4 = -0*g. Determine l(g).
6
Let l(g) be the first derivative of g**4/4 - 3*g**3 + g**2 - 11*g - 17. Let t = 41 + -32. Calculate l(t).
7
Let u(x) be the third derivative of -x**6/120 - x**4/8 - x**3/2 + 4*x**2. Suppose 57*t + 133 - 19 = 0. Give u(t).
11
Let h(l) = 8*l - 136. Suppose -8*a + 2*x - 74 = -12*a, 3*x + 8 = a. Calculate h(a).
0
Let a(r) = 61*r - 42*r + 2 - 23*r. Let m(v) = -3*v + 8. Let s(u) = 2*u - 5. Let n(t) = -5*m(t) - 8*s(t). Let w(d) = -a(d) + 5*n(d). What is w(-3)?
1
Let z(j) be the second derivative of -j**5/20 - 13*j**4/12 - 3*j**2/2 - 754*j. Calculate z(-13).
-3
Suppose 0 = -0*p + 2*p + 34 + 16. Let r(v) = v**2 + 24*v - 23. Give r(p).
2
Let m = -222 + 260. Suppose 5*b + m = 18. Let o(w) = 3*w**2 + 5*w + 1. Calculate o(b).
29
Suppose -36*k - 36*k = -93*k - 315. Let w(a) = a**3 + 15*a**2 - 30. What is w(k)?
-30
Let d be 40*22/715*13. Let z(p) = 10*p - 164. Determine z(d).
-4
Suppose 31 = 3*f + 1. Let w be (-22)/4 - 5/f. Let y(d) = -639*d + 631*d + 30 - d**2 - 27. Calculate y(w).
15
Let u(b) = 38*b - 25*b - 1 - 7*b. Let f be (9/(-15))/(2/(-10)). Let p be 3 + f*(-2)/3. Determine u(p).
5
Let j(c) = 149*c + 4164. Let g be j(-28). Let p(z) = -3*z**2 - 6*z + 13. Give p(g).
-131
Let j be (-10*1/(-6))/((-5)/(-6)). Let n(q) = 53*q - 56*q + q**2 + 2 - 2*q**j. Let r be (0 + 1 - -2)/(-1). Determine n(r).
2
Let p(f) be the first derivative of -f**4/6 + 3*f**2/2 + 54*f - 41. Let b(c) be the first derivative of p(c). What is b(-3)?
-15
Let n be -7 + ((-62)/(-4) - 32/64). Let i(h) = -h**2 + 5 + 9*h + 3*h**2 - 3*h**2. Calculate i(n).
13
Suppose -3051 - 3630 = -17*b. Let x = 393 - b. Let f(o) = 0*o - o**2 - o**3 + 6 - 1 + o. Give f(x).
5
Let r(x) = -5*x**3 - 6*x**2 - 8*x + 2. Let u(y) = 6*y**3 + 7*y**2 + 9*y - 2. Let z(l) = 7*r(l) + 6*u(l). Let n(w) = -1. Let j(a) = 2*n(a) + z(a). What is j(-3)?
-21